he ten thousands digit of j(46)?
2
Suppose 3*z - 3165 - 641 = c, 3*z + 4*c = 3811. Suppose 4*t + x - z = 0, 3*t + 4*x = 7*t - 1264. What is the hundreds digit of t?
3
What is the units digit of ((-2016)/(-384))/(((-1)/2544)/(-1))?
6
Suppose 3*w - 3*o - 165 = w, -w + 63 = 5*o. Suppose w*b + 63 = 85*b. What is the units digit of b?
9
Let x = -22366 - -47526. What is the tens digit of x?
6
Suppose -4 = 2*x - 0*x, 2*q - 5*x = 16. Suppose q*o + 7*a + 1013 = 2*a, 5 = a. What is the units digit of o/(-3) - (-4)/6?
6
Let o = 1073 - 1621. Let c = -249 - o. What is the units digit of c?
9
Suppose 2*n + 484 = -3*j, -23*n + 19*n + 5*j = 990. Let f = 358 + n. What is the units digit of f?
3
Let t be (3 + -2)*(11 + (-4)/(-1)). Let h(b) = -19*b**2 + 5*b + 4. Let l be h(-4). What is the tens digit of (4 + -1)*(3 - l/t)?
7
Let a be ((-3)/(-6))/(3/6). Suppose 0 = 3*r + a - 13. Suppose 3 = -w + r*s + 31, -w - s + 28 = 0. What is the tens digit of w?
2
Let l(p) = -p**2 - 9*p + 9. Suppose -4*c + 84 = -0*c. Suppose -w - n = 7, 3*w + 0*w + c = -5*n. What is the units digit of l(w)?
3
Let r(v) = v**3 + 4*v**2 + 9*v - 19. Let u(m) = -2*m**3 - 8*m**2 - 18*m + 36. Let w(b) = 11*r(b) + 6*u(b). What is the hundreds digit of w(-8)?
3
What is the hundreds digit of 9931 + 0 + -5 + 11 + 1*-8?
9
Let v be (-3)/12 - (-232)/32. Let z be 0/1 - 12/(-30)*5. What is the units digit of (-251)/(-7) + z - v/(-49)?
8
Suppose -5*p = -4*x + 130, -31 = 3*p + 3*x + 47. Let m = 144 - 8. What is the units digit of m + (p/39)/(2/12)?
2
What is the tens digit of 756648/93 - -1*16/(-2)?
2
Suppose -6*l + 57834 = p, -4*p - 15478 + 5839 = -l. What is the thousands digit of l?
9
Suppose 0 = -4*j + 5*m + 1128, j = 9*m - 4*m + 297. Let q = 461 - j. What is the hundreds digit of q?
1
Let n = 81192 + -19649. What is the ten thousands digit of n?
6
Let v(s) = 22*s**2 + 41*s - 152. Let d be v(4). Let x = 351 + d. What is the hundreds digit of x?
7
Let g(u) = u**3 - 7*u**2 + 6*u + 7. Let r be g(6). Let t be (-1)/((r + -4)/(-27)). Suppose -t*l - 525 = -1848. What is the hundreds digit of l?
1
Suppose -18*z + 44*z + 28151 = 153731. What is the hundreds digit of z?
8
Let u(t) = 259*t**2 + 23*t - 34. Let w(m) = -129*m**2 - 11*m + 17. Let h(v) = -2*u(v) - 5*w(v). What is the units digit of h(2)?
9
What is the tens digit of 7/(21/4150) - (4 + 22/(-6))?
8
Let f be 6 + (7 - 4 - 6). Suppose 5*m + 121 = x, m - 303 = -f*x + 4*m. Let b = 44 + x. What is the hundreds digit of b?
1
Suppose -102*j + 2100670 = 28*j - 17*j. What is the units digit of j?
0
Suppose -39 - 51 = -3*w. Suppose -w = -5*m - t, -3*m + 4*t = m. Suppose 3*b + n = 667 - 68, m*b = 5*n + 1025. What is the tens digit of b?
0
Let m be (6 - 7 - -2429) + -7. Let k = m - 1061. What is the units digit of k?
0
Let l = -18 + 158. Suppose -2*g = -2*w + g + 287, -2*g = w - l. Let x = w + -43. What is the units digit of x?
9
Let b = 59472 - 34902. What is the hundreds digit of b?
5
Let v = -3 - -3. Let w(y) be the third derivative of -y**5/60 - y**4/8 + 17*y**3/3 + 30*y**2. What is the units digit of w(v)?
4
Suppose 14*k + 22565 = 4*x + 11*k, -x + 3*k + 5630 = 0. What is the hundreds digit of x?
6
Let b = 3068 + -2000. Suppose 8*u - 4*u = -3*f + 806, -4*f - 4*u = -b. What is the units digit of f?
2
Let h = 39001 - 16250. What is the thousands digit of h?
2
Let y = 29 + -29. Suppose -4*i - 2*l - 3*l - 1393 = y, l + 347 = -i. What is the units digit of ((-12)/16)/(i/(-344) - 1)?
9
Let n = -27 - 1. Let r be (-16)/(8/n - 117/(-336)). Let s = -154 - r. What is the tens digit of s?
0
What is the units digit of (193384/12)/(((-551)/114)/(-29))?
2
Let u(j) = j**3 - 7*j**2 - 19*j + 1. Let i be u(9). What is the units digit of i/(-12)*2322/12?
9
Suppose 12*h + 16*h + 19528 = 36*h. What is the thousands digit of h?
2
Let v(w) = -w**3 + 7*w**2 + 10*w - 8. Let c(t) = -10*t + 9 + t**3 + t**2 - 8*t**2 - t**2 + t**2. Let l(h) = -7*c(h) - 6*v(h). What is the units digit of l(7)?
5
Let n(c) = 3*c**3 - 2*c**2 - 2*c - 20. What is the hundreds digit of n(6)?
5
Let l(q) = -12*q + 21. Let b(x) = x - 1. Let j(v) = 2*b(v) + l(v). Suppose -7*y - 85 = -22. What is the tens digit of j(y)?
0
Let o be -15 - -18 - -24*4. Suppose -843 = -102*k + o*k. What is the tens digit of k?
8
Suppose -127*k = -129*k + 194. Suppose -x + 47 = -5*a - k, -432 = -3*x - 5*a. What is the tens digit of x?
4
Suppose -f - 12 = -3*t + 2*f, 4*t - 2 = -3*f. Suppose -5*l + 79 = -4*w - 60, 3*w + 5*l = -148. What is the units digit of 2/((-4)/t) - w - -2?
2
Let y(o) = 465*o - 3. Let i be y(1). Suppose 0 = 2*z - 13*z + i. Let c = z - -59. What is the units digit of c?
1
Let s = 63 - 63. Suppose -3*h + s - 2 = -i, -h - 6 = -i. Suppose i*q - 580 = 484. What is the tens digit of q?
3
Let a(y) = -y**3 - 35*y**2 + 125*y + 21. What is the units digit of a(-41)?
2
Let q = -46 + 50. Suppose q*y + 0*y - 5*l = -16, -3*y - 1 = -l. What is the tens digit of y - ((-4 - -3) + -55)?
5
Let w(x) = 29*x**2 - 57*x + 161. What is the tens digit of w(34)?
4
Suppose -4*t = -18 + 18. Suppose -g = d + 10, t = -2*g + 2*d + 2 - 14. Let q(z) = -z**3 - 6*z**2 + 2*z + 17. What is the hundreds digit of q(g)?
1
What is the ten thousands digit of (647406/(-456))/(9/(-192))?
3
Let j = 8322 + -3445. What is the thousands digit of j?
4
What is the hundreds digit of ((-222407)/(-15) - 30/(-150)) + 56/84?
8
Let b(i) = -i**2 - 15*i - 13. Suppose -2*z = -5*z - 24. Let s = -2 + z. What is the tens digit of b(s)?
3
Let a(f) = 59*f**2 + 9*f - 24. Let i be a(-7). Suppose 0 = 4*m + 5*c - 4*c - i, -2*m + 1402 = 3*c. What is the hundreds digit of m?
7
Suppose 4*d = 4*i + 4, 2*d + 5 = i + 11. Suppose 4*g - 70 = -h - 4*h, i*g - 3*h = 86. What is the tens digit of g?
2
Let f(v) = -63*v + 30. Let g be f(1). Let a = 758 - g. What is the units digit of a?
1
Let j(a) = a**2 - 9*a + 5. Let m = 70 + -61. Let h be j(m). Suppose -6*f - 3*c + 160 = -h*f, -4*f + 565 = -3*c. What is the hundreds digit of f?
1
Let p(a) = -21*a**2 + a - 1. Let t be p(1). Let o(j) = -398*j - 107. Let i(x) = 177*x + 54. Let q(m) = 9*i(m) + 4*o(m). What is the tens digit of q(t)?
3
Suppose 3*w - 175 = -5*t, -w + 6*w = -5*t + 305. Let b(r) = -3*r - w + 3*r + 73 + r. What is the tens digit of b(12)?
2
Let b(j) = 11*j + 41. Let w be b(8). Let o = w + 580. What is the units digit of o?
9
Suppose 13*w + 1132 - 2796 = 0. Suppose -3*d + o = -88, 4*d - 61*o + 65*o = w. What is the units digit of d?
0
Suppose -4*j + 3*j + 5 = 0. Suppose -d + j*w - 1690 = -6*d, 0 = w - 2. What is the units digit of d?
6
Suppose 11*n - 14*n - 9 = 0. Let f(c) = 115*c**2 - 4*c - 15. What is the units digit of f(n)?
2
Let m(z) = 59 + 52 - 143*z + 42 - 126. What is the thousands digit of m(-7)?
1
Suppose 1502*h + 8 = 1504*h. Suppose -1686 = 2*l - h*l + 5*p, 0 = -p - 4. What is the hundreds digit of l?
8
Let d = 256 + -254. Suppose -3*r + d*n = 3*n - 723, r - 3*n = 231. What is the hundreds digit of r?
2
Suppose -2*s - 10*a = -12*a - 98962, 5*a - 247345 = -5*s. What is the ten thousands digit of s?
4
Suppose -4*h + 5*s + 20 = h, -3*h + 2*s + 11 = 0. Let v(l) = 43 + h*l - 12 + l - 3*l. What is the tens digit of v(7)?
3
Suppose -f + 4558 = -3*b, -f + 2*f + b - 4566 = 0. What is the units digit of f?
4
Let b = 160183 - 109571. What is the tens digit of b?
1
Let b = -91 + 109. Suppose -b*r + 3478 = -1130. What is the tens digit of r?
5
Let u(x) = x**3 + 5 + 0*x**3 + 11*x**2 - 9*x + 9. Let i(h) = 94*h + 459. Let b be i(-5). What is the hundreds digit of u(b)?
1
Suppose -16*g - 13*g = -24679. Suppose -g - 97 = -4*v. What is the tens digit of v?
3
Let p(o) = 11*o**2 + 10. Let x(t) = 14*t**2 + 11. Let c(w) = -5*p(w) + 4*x(w). What is the tens digit of c(14)?
9
Let n = 170 + -148. What is the hundreds digit of (1/((-2)/(-57)))/(n/88)?
1
Let o be ((-198)/27 - -8)*111. Let m = 1383 + o. What is the hundreds digit of m?
4
Suppose -7*x + 2*x = 3*o + 5, 2*x - 4*o + 2 = 0. Suppose -3*z - 66*t - 280 = -61*t, 2*t = 4*z + 382. What is the tens digit of ((-5)/(-2))/x*1558/z?
4
Let w = -8718 - -44100. What is the ten thousands digit of w?
3
Suppose 2*f = -4, -4*f - 138 = -d - f. Suppose d*a - 4266 = 126*a. What is the tens digit of a?
1
Let k = 514 + -646. What is the tens digit of (165/k)/((-3)/3300)?
7
Let q(t) = 296*t**3 - 12*t**2 + 10*t + 6. What i